{"id":9218,"date":"2023-05-28T16:24:40","date_gmt":"2023-05-28T13:24:40","guid":{"rendered":"https:\/\/www.creas-technology.com\/?page_id=9218"},"modified":"2023-09-17T18:29:18","modified_gmt":"2023-09-17T15:29:18","slug":"yazilim-proje-yonetimi","status":"publish","type":"page","link":"https:\/\/www.creas-technology.com\/index.php\/yazilim-proje-yonetimi\/","title":{"rendered":"Yaz\u0131l\u0131m Proje Y\u00f6netimi"},"content":{"rendered":"\t\t<div data-elementor-type=\"wp-page\" data-elementor-id=\"9218\" class=\"elementor elementor-9218\" data-elementor-settings=\"[]\">\n\t\t\t\t\t\t\t<div class=\"elementor-section-wrap\">\n\t\t\t\t\t\t\t<section class=\"elementor-section elementor-top-section elementor-element elementor-element-24ff003 elementor-section-boxed elementor-section-height-default elementor-section-height-default\" data-id=\"24ff003\" data-element_type=\"section\" data-settings=\"{&quot;background_background&quot;:&quot;classic&quot;}\">\n\t\t\t\t\t\t<div class=\"elementor-container elementor-column-gap-default\">\n\t\t\t\t\t<div class=\"elementor-column elementor-col-100 elementor-top-column elementor-element elementor-element-2390258\" data-id=\"2390258\" data-element_type=\"column\">\n\t\t\t<div class=\"elementor-widget-wrap elementor-element-populated\">\n\t\t\t\t\t\t\t\t<section class=\"elementor-section elementor-inner-section elementor-element elementor-element-a94b527 elementor-section-boxed elementor-section-height-default elementor-section-height-default\" data-id=\"a94b527\" data-element_type=\"section\" data-settings=\"{&quot;background_background&quot;:&quot;classic&quot;}\">\n\t\t\t\t\t\t<div class=\"elementor-container elementor-column-gap-default\">\n\t\t\t\t\t<div class=\"elementor-column elementor-col-100 elementor-inner-column elementor-element elementor-element-7ef284c\" data-id=\"7ef284c\" data-element_type=\"column\">\n\t\t\t<div class=\"elementor-widget-wrap elementor-element-populated\">\n\t\t\t\t\t\t\t\t<div class=\"elementor-element elementor-element-7e55130 elementor-widget elementor-widget-cryptlight_elementor_details\" data-id=\"7e55130\" data-element_type=\"widget\" data-widget_type=\"cryptlight_elementor_details.default\">\n\t\t\t\t<div class=\"elementor-widget-container\">\n\t\t\t\t\t\t\t\t<div class=\"ova-details linear-gradient-active\">\n\t\t\t\t\t\t\t\t\t\t\t\t\t<div class=\"desc\">\n\t\t\t\t\t\tYaz\u0131l\u0131m proje y\u00f6netimi, yaz\u0131l\u0131m geli\u015ftirme s\u00fcrecinin etkin bir \u015fekilde planlanmas\u0131, y\u00f6netilmesi ve uygulanmas\u0131 i\u00e7in kullan\u0131lan bir yakla\u015f\u0131md\u0131r. PLM hizmetleri, yaz\u0131l\u0131m projelerinin ba\u015far\u0131l\u0131 bir \u015fekilde ger\u00e7ekle\u015ftirilmesine ve y\u00f6netilmesine yard\u0131mc\u0131 olur.\t\t\t\t\t<\/div>\n\t\t\t\t\t\t\t<\/div>\n\t\t\t\t<\/div>\n\t\t\t\t<\/div>\n\t\t\t\t<div class=\"elementor-element elementor-element-c2e95c6 elementor-widget elementor-widget-image\" data-id=\"c2e95c6\" data-element_type=\"widget\" data-widget_type=\"image.default\">\n\t\t\t\t<div class=\"elementor-widget-container\">\n\t\t\t<style>\/*! elementor - v3.5.6 - 28-02-2022 *\/\n.elementor-widget-image{text-align:center}.elementor-widget-image a{display:inline-block}.elementor-widget-image a img[src$=\".svg\"]{width:48px}.elementor-widget-image img{vertical-align:middle;display:inline-block}<\/style>\t\t\t\t\t\t\t\t\t\t\t\t<img loading=\"lazy\" decoding=\"async\" width=\"695\" height=\"455\" src=\"https:\/\/www.creas-technology.com\/wp-content\/uploads\/2023\/05\/thumbnail.jpg\" class=\"attachment-large size-large\" alt=\"\" srcset=\"https:\/\/www.creas-technology.com\/wp-content\/uploads\/2023\/05\/thumbnail.jpg 695w, https:\/\/www.creas-technology.com\/wp-content\/uploads\/2023\/05\/thumbnail-300x196.jpg 300w\" sizes=\"auto, (max-width: 695px) 100vw, 695px\" \/>\t\t\t\t\t\t\t\t\t\t\t\t\t\t\t<\/div>\n\t\t\t\t<\/div>\n\t\t\t\t<div class=\"elementor-element elementor-element-e9045e3 elementor-widget elementor-widget-cryptlight_elementor_details\" data-id=\"e9045e3\" data-element_type=\"widget\" data-widget_type=\"cryptlight_elementor_details.default\">\n\t\t\t\t<div class=\"elementor-widget-container\">\n\t\t\t\t\t\t\t\t<div class=\"ova-details linear-gradient-active\">\n\t\t\t\t\t\t\t\t\t\t\t\t\t<div class=\"desc\">\n\t\t\t\t\t\tProje Planlama: Yaz\u0131l\u0131m projesi, hedeflerin belirlenmesi, kapsam\u0131n tan\u0131mlanmas\u0131, kaynaklar\u0131n tahsis edilmesi, zaman \u00e7izelgesinin olu\u015fturulmas\u0131 ve proje payda\u015flar\u0131n\u0131n belirlenmesi gibi a\u015famalar\u0131 i\u00e7eren bir planlama s\u00fcreciyle ba\u015flar. Proje plan\u0131, proje hedeflerini, b\u00fct\u00e7eyi, kaynaklar\u0131 ve s\u00fcreci tan\u0131mlar.\t\t\t\t\t<\/div>\n\t\t\t\t\t\t\t<\/div>\n\t\t\t\t<\/div>\n\t\t\t\t<\/div>\n\t\t\t\t<div class=\"elementor-element elementor-element-14d3c0f elementor-widget elementor-widget-cryptlight_elementor_details\" data-id=\"14d3c0f\" data-element_type=\"widget\" data-widget_type=\"cryptlight_elementor_details.default\">\n\t\t\t\t<div class=\"elementor-widget-container\">\n\t\t\t\t\t\t\t\t<div class=\"ova-details linear-gradient-active\">\n\t\t\t\t\t\t\t\t\t\t\t\t\t<div class=\"desc\">\n\t\t\t\t\t\tG\u00f6rev Atama: Yaz\u0131l\u0131m projesi i\u00e7in g\u00f6revler belirlenir ve ilgili ekiplere atan\u0131r. Her g\u00f6rev i\u00e7in sorumlular belirlenir ve g\u00f6revlerin takip edilmesi sa\u011flan\u0131r. G\u00f6rev atama s\u00fcreci, proje ekipleri aras\u0131ndaki ileti\u015fimi ve i\u015fbirli\u011fini kolayla\u015ft\u0131r\u0131r.\t\t\t\t\t<\/div>\n\t\t\t\t\t\t\t<\/div>\n\t\t\t\t<\/div>\n\t\t\t\t<\/div>\n\t\t\t\t<div class=\"elementor-element elementor-element-86e5137 elementor-widget elementor-widget-cryptlight_elementor_details\" data-id=\"86e5137\" data-element_type=\"widget\" data-widget_type=\"cryptlight_elementor_details.default\">\n\t\t\t\t<div class=\"elementor-widget-container\">\n\t\t\t\t\t\t\t\t<div class=\"ova-details linear-gradient-active\">\n\t\t\t\t\t\t\t\t\t\t\t\t\t<div class=\"desc\">\n\t\t\t\t\t\t\u0130lerleme Takibi: Yaz\u0131l\u0131m projesinin ilerlemesi d\u00fczenli olarak takip edilir ve raporlan\u0131r. \u0130\u015f tamamlama oran\u0131, b\u00fct\u00e7e harcamalar\u0131, zaman \u00e7izelgesi uyumu ve di\u011fer \u00f6nemli g\u00f6stergeler proje y\u00f6neticisi taraf\u0131ndan izlenir. Bu, proje y\u00f6neticisine proje performans\u0131n\u0131 de\u011ferlendirme ve gerekirse d\u00fczeltici \u00f6nlemler alma imkan\u0131 sa\u011flar.\t\t\t\t\t<\/div>\n\t\t\t\t\t\t\t<\/div>\n\t\t\t\t<\/div>\n\t\t\t\t<\/div>\n\t\t\t\t<div class=\"elementor-element elementor-element-5ea0da1 elementor-widget elementor-widget-cryptlight_elementor_details\" data-id=\"5ea0da1\" data-element_type=\"widget\" data-widget_type=\"cryptlight_elementor_details.default\">\n\t\t\t\t<div class=\"elementor-widget-container\">\n\t\t\t\t\t\t\t\t<div class=\"ova-details linear-gradient-active\">\n\t\t\t\t\t\t\t\t\t\t\t\t\t<div class=\"desc\">\n\t\t\t\t\t\tRisk Y\u00f6netimi: Yaz\u0131l\u0131m proje y\u00f6netimi, olas\u0131 riskleri tan\u0131mlar, analiz eder ve y\u00f6netir. Riskler, teknik sorunlar, kaynak eksikli\u011fi, zamanlama sorunlar\u0131, gereksinim de\u011fi\u015fiklikleri gibi farkl\u0131 kaynaklardan gelebilir. Risk y\u00f6netimi s\u00fcreci, risklerin \u00f6nceliklendirilmesini, azalt\u0131c\u0131 \u00f6nlemlerin al\u0131nmas\u0131n\u0131 ve m\u00fcdahale stratejilerinin belirlenmesini i\u00e7erir.\t\t\t\t\t<\/div>\n\t\t\t\t\t\t\t<\/div>\n\t\t\t\t<\/div>\n\t\t\t\t<\/div>\n\t\t\t\t<div class=\"elementor-element elementor-element-eb306fb elementor-widget elementor-widget-cryptlight_elementor_details\" data-id=\"eb306fb\" data-element_type=\"widget\" data-widget_type=\"cryptlight_elementor_details.default\">\n\t\t\t\t<div class=\"elementor-widget-container\">\n\t\t\t\t\t\t\t\t<div class=\"ova-details linear-gradient-active\">\n\t\t\t\t\t\t\t\t\t\t\t\t\t<div class=\"desc\">\n\t\t\t\t\t\tDe\u011fi\u015fiklik Y\u00f6netimi: Yaz\u0131l\u0131m projelerinde de\u011fi\u015fiklikler ka\u00e7\u0131n\u0131lmazd\u0131r. Yaz\u0131l\u0131m proje y\u00f6netimi, de\u011fi\u015fikliklerin etkisini de\u011ferlendirir, de\u011fi\u015fiklikleri y\u00f6netir ve uygun s\u00fcre\u00e7lerle y\u00f6nlendirir. Bu, proje plan\u0131n\u0131n g\u00fcncellenmesini, kaynaklar\u0131n yeniden tahsisini ve ileti\u015fimin sa\u011flanmas\u0131n\u0131 i\u00e7erir.\t\t\t\t\t<\/div>\n\t\t\t\t\t\t\t<\/div>\n\t\t\t\t<\/div>\n\t\t\t\t<\/div>\n\t\t\t\t<div class=\"elementor-element elementor-element-3e45258 elementor-widget elementor-widget-cryptlight_elementor_details\" data-id=\"3e45258\" data-element_type=\"widget\" data-widget_type=\"cryptlight_elementor_details.default\">\n\t\t\t\t<div class=\"elementor-widget-container\">\n\t\t\t\t\t\t\t\t<div class=\"ova-details linear-gradient-active\">\n\t\t\t\t\t\t\t\t\t\t\t\t\t<div class=\"desc\">\n\t\t\t\t\t\tYaz\u0131l\u0131m proje y\u00f6netimi, proje s\u00fcrecinin etkin bir \u015fekilde y\u00f6netilmesini ve projenin hedeflere uygun olarak tamamlanmas\u0131n\u0131 sa\u011flar. PLM hizmetleri, yaz\u0131l\u0131m projelerinin ba\u015far\u0131l\u0131 bir \u015fekilde y\u00fcr\u00fct\u00fclmesini desteklemek i\u00e7in proje planlamas\u0131, kaynak y\u00f6netimi, risk y\u00f6netimi ve de\u011fi\u015fiklik y\u00f6netimi gibi ara\u00e7lar ve s\u00fcre\u00e7ler sunar.\t\t\t\t\t<\/div>\n\t\t\t\t\t\t\t<\/div>\n\t\t\t\t<\/div>\n\t\t\t\t<\/div>\n\t\t\t\t\t<\/div>\n\t\t<\/div>\n\t\t\t\t\t\t\t<\/div>\n\t\t<\/section>\n\t\t\t\t<section class=\"elementor-section elementor-inner-section elementor-element elementor-element-034698a elementor-section-boxed elementor-section-height-default elementor-section-height-default\" data-id=\"034698a\" data-element_type=\"section\">\n\t\t\t\t\t\t<div class=\"elementor-container elementor-column-gap-default\">\n\t\t\t\t\t<div class=\"elementor-column elementor-col-100 elementor-inner-column elementor-element elementor-element-20609c2\" data-id=\"20609c2\" data-element_type=\"column\">\n\t\t\t<div class=\"elementor-widget-wrap elementor-element-populated\">\n\t\t\t\t\t\t\t\t<div class=\"elementor-element elementor-element-051f4fd elementor-widget elementor-widget-heading\" data-id=\"051f4fd\" data-element_type=\"widget\" data-widget_type=\"heading.default\">\n\t\t\t\t<div class=\"elementor-widget-container\">\n\t\t\t<style>\/*! elementor - v3.5.6 - 28-02-2022 *\/\n.elementor-heading-title{padding:0;margin:0;line-height:1}.elementor-widget-heading .elementor-heading-title[class*=elementor-size-]>a{color:inherit;font-size:inherit;line-height:inherit}.elementor-widget-heading .elementor-heading-title.elementor-size-small{font-size:15px}.elementor-widget-heading .elementor-heading-title.elementor-size-medium{font-size:19px}.elementor-widget-heading .elementor-heading-title.elementor-size-large{font-size:29px}.elementor-widget-heading .elementor-heading-title.elementor-size-xl{font-size:39px}.elementor-widget-heading .elementor-heading-title.elementor-size-xxl{font-size:59px}<\/style><h2 class=\"elementor-heading-title elementor-size-default\"><a href=\"https:\/\/www.plm.automation.siemens.com\/global\/en\/search.html?query=Software+project+management\" target=\"_blank\">Siemens'in sayfas\u0131ndan daha fazla bilgiye eri\u015fmek i\u00e7in t\u0131klay\u0131n\u0131z.<\/a><\/h2>\t\t<\/div>\n\t\t\t\t<\/div>\n\t\t\t\t\t<\/div>\n\t\t<\/div>\n\t\t\t\t\t\t\t<\/div>\n\t\t<\/section>\n\t\t\t\t\t<\/div>\n\t\t<\/div>\n\t\t\t\t\t\t\t<\/div>\n\t\t<\/section>\n\t\t\t\t\t\t<\/div>\n\t\t\t\t\t<\/div>\n\t\t","protected":false},"excerpt":{"rendered":"<p>Yaz\u0131l\u0131m proje y\u00f6netimi, yaz\u0131l\u0131m geli\u015ftirme s\u00fcrecinin etkin bir \u015fekilde planlanmas\u0131, y\u00f6netilmesi ve uygulanmas\u0131 i\u00e7in kullan\u0131lan bir yakla\u015f\u0131md\u0131r. PLM hizmetleri, yaz\u0131l\u0131m projelerinin ba\u015far\u0131l\u0131 bir \u015fekilde ger\u00e7ekle\u015ftirilmesine ve y\u00f6netilmesine yard\u0131mc\u0131 olur. Proje Planlama: Yaz\u0131l\u0131m projesi, hedeflerin belirlenmesi, kapsam\u0131n tan\u0131mlanmas\u0131, kaynaklar\u0131n tahsis edilmesi, zaman \u00e7izelgesinin olu\u015fturulmas\u0131 ve proje payda\u015flar\u0131n\u0131n belirlenmesi gibi a\u015famalar\u0131 i\u00e7eren bir planlama s\u00fcreciyle ba\u015flar. Proje [&hellip;]<\/p>\n","protected":false},"author":2,"featured_media":0,"parent":0,"menu_order":0,"comment_status":"closed","ping_status":"closed","template":"elementor_header_footer","meta":{"footnotes":""},"class_list":["post-9218","page","type-page","status-publish","hentry"],"_links":{"self":[{"href":"https:\/\/www.creas-technology.com\/index.php\/wp-json\/wp\/v2\/pages\/9218","targetHints":{"allow":["GET"]}}],"collection":[{"href":"https:\/\/www.creas-technology.com\/index.php\/wp-json\/wp\/v2\/pages"}],"about":[{"href":"https:\/\/www.creas-technology.com\/index.php\/wp-json\/wp\/v2\/types\/page"}],"author":[{"embeddable":true,"href":"https:\/\/www.creas-technology.com\/index.php\/wp-json\/wp\/v2\/users\/2"}],"replies":[{"embeddable":true,"href":"https:\/\/www.creas-technology.com\/index.php\/wp-json\/wp\/v2\/comments?post=9218"}],"version-history":[{"count":11,"href":"https:\/\/www.creas-technology.com\/index.php\/wp-json\/wp\/v2\/pages\/9218\/revisions"}],"predecessor-version":[{"id":9745,"href":"https:\/\/www.creas-technology.com\/index.php\/wp-json\/wp\/v2\/pages\/9218\/revisions\/9745"}],"wp:attachment":[{"href":"https:\/\/www.creas-technology.com\/index.php\/wp-json\/wp\/v2\/media?parent=9218"}],"curies":[{"name":"wp","href":"https:\/\/api.w.org\/{rel}","templated":true}]}}